{"id":6958,"date":"2020-08-20T14:07:57","date_gmt":"2020-08-20T17:07:57","guid":{"rendered":"http:\/\/baruerieventos.com.br\/site\/?post_type=tribe_events&amp;p=6958"},"modified":"2020-08-20T14:07:57","modified_gmt":"2020-08-20T17:07:57","slug":"sp-arte-viewing-room","status":"publish","type":"tribe_events","link":"https:\/\/baruerieventos.com.br\/site\/event\/sp-arte-viewing-room\/","title":{"rendered":"SP-Arte Viewing Room"},"content":{"rendered":"<p>A <strong>Iguatemi<\/strong>, incentivadora da arte e da cultura, e respons\u00e1vel pela administra\u00e7\u00e3o do\u00a0Iguatemi\u00a0Alphaville, em Barueri, tem o prazer de, h\u00e1 mais de 13 anos consecutivos, apoiar e patrocinar uma nova edi\u00e7\u00e3o do mais importante evento do setor na Am\u00e9rica Latina: a <strong>SP-Arte<\/strong> \u2013 Festival Internacional de Arte de S\u00e3o Paulo. Este ano, o evento apresentar\u00e1 um formato inovador com a sua primeira vers\u00e3o digital <strong>SP-Arte Viewing Room<\/strong> que acontece de 24 a 30 de agosto no site <a href=\"http:\/\/www.sp-arte.com\" data-saferedirecturl=\"https:\/\/www.google.com\/url?q=http:\/\/www.sp-arte.com&amp;source=gmail&amp;ust=1598029209245000&amp;usg=AFQjCNGQH2-iAgoehYFrQQlfSWtRWLhyRg\">www.sp-arte.com<\/a>.<\/p>\n<p>Nesta edi\u00e7\u00e3o, ser\u00e1 poss\u00edvel navegar por projetos expositivos de galerias de arte e design, desenvolvidos especialmente para o ambiente virtual. Para complementar a experi\u00eancia, textos curatoriais, \u00e1udios e v\u00eddeos ir\u00e3o compor o projeto expositivo. Cada galeria participante poder\u00e1 apresentar at\u00e9 30 obras de um ou mais artistas em uma p\u00e1gina personalizada.<\/p>\n<p>Patrocinadora exclusiva do evento, a Iguatemi apresenta uma programa\u00e7\u00e3o especial da SP-Arte Viewing Room durante o #IguatemiDaily &#8211; curadoria de conte\u00fados digitais do grupo. A diretora e criadora do evento, Fernanda Feitosa, ir\u00e1 participar de lives com galeristas e nomes do universo da arte nos perfis do Iguatemi e JK Iguatemi. Entre as participantes est\u00e3o a CEO da Etel, Lissa Carmona e a consultora de arte e fundadora da Kura, Camila Yunes.<\/p>\n<p>Ainda dentro do roteiro com Iguatemi, Fernanda ir\u00e1 intermediar lives no Zoom com clientes da rede com o intuito de estimular conversas sobre o fazer art\u00edstico, compartilhar tend\u00eancias e fortalecer a economia criativa do Brasil. Com o tema Zoom Arte, Fernanda participa, ainda, de uma conversa para convidados com Camila Yunes. J\u00e1 o Zoom Design, ir\u00e1 contar com a participa\u00e7\u00e3o de Lissa Carmona e das designers Lia Siqueira, Claudia Moreira Salles e Jacqueline Terpins.<\/p>\n<p>A SP- Arte \u00e9 um festival internacional de arte contempor\u00e2nea, que acontece em S\u00e3o Paulo desde 2005, e \u00e9 um dos mais importantes eventos do mercado global. Se estabelece hoje como uma din\u00e2mica plataforma de interc\u00e2mbio cultural e art\u00edstico entre curadores, colecionadores, artistas, renomadas galerias, obras e admiradores das artes.<\/p>\n","protected":false},"excerpt":{"rendered":"<p>A Iguatemi, incentivadora da arte e da cultura, e respons\u00e1vel pela administra\u00e7\u00e3o do\u00a0Iguatemi\u00a0Alphaville, em Barueri, tem o prazer de, h\u00e1 mais de 13 anos consecutivos, apoiar e patrocinar uma nova [&hellip;]<\/p>\n","protected":false},"author":2,"featured_media":6959,"template":"","meta":{"_tribe_events_status":"","_tribe_events_status_reason":"","footnotes":""},"tags":[1174,1565,2805,2904,3443,3448,3562,3868,3905,6028,6474],"tribe_events_cat":[6741,6742],"class_list":["post-6958","tribe_events","type-tribe_events","status-publish","has-post-thumbnail","hentry","tag-camila-yunes","tag-claudia-moreira-salles","tag-fernanda-feitosa","tag-festival-internacional-de-arte-contemporanea","tag-iguatemi","tag-iguatemidaily","tag-jacqueline-terpins","tag-lia-siqueira","tag-lissa-carmona","tag-sp-arte-viewing-room","tag-versao-digital-sp-arte-viewing-room","tribe_events_cat-evento-gratuito","tribe_events_cat-feiras-e-exposicoes","cat_evento-gratuito","cat_feiras-e-exposicoes"],"_links":{"self":[{"href":"https:\/\/baruerieventos.com.br\/site\/wp-json\/wp\/v2\/tribe_events\/6958","targetHints":{"allow":["GET"]}}],"collection":[{"href":"https:\/\/baruerieventos.com.br\/site\/wp-json\/wp\/v2\/tribe_events"}],"about":[{"href":"https:\/\/baruerieventos.com.br\/site\/wp-json\/wp\/v2\/types\/tribe_events"}],"author":[{"embeddable":true,"href":"https:\/\/baruerieventos.com.br\/site\/wp-json\/wp\/v2\/users\/2"}],"version-history":[{"count":0,"href":"https:\/\/baruerieventos.com.br\/site\/wp-json\/wp\/v2\/tribe_events\/6958\/revisions"}],"wp:featuredmedia":[{"embeddable":true,"href":"https:\/\/baruerieventos.com.br\/site\/wp-json\/"}],"wp:attachment":[{"href":"https:\/\/baruerieventos.com.br\/site\/wp-json\/wp\/v2\/media?parent=6958"}],"wp:term":[{"taxonomy":"post_tag","embeddable":true,"href":"https:\/\/baruerieventos.com.br\/site\/wp-json\/wp\/v2\/tags?post=6958"},{"taxonomy":"tribe_events_cat","embeddable":true,"href":"https:\/\/baruerieventos.com.br\/site\/wp-json\/wp\/v2\/tribe_events_cat?post=6958"}],"curies":[{"name":"wp","href":"https:\/\/api.w.org\/{rel}","templated":true}]}}

<p>A <strong>Iguatemi</strong>, incentivadora da arte e da cultura, e responsável pela administração do Iguatemi Alphaville, em Barueri, tem o prazer de, há mais de 13 anos consecutivos, apoiar e patrocinar uma nova edição do mais importante evento do setor na América Latina: a <strong>SP-Arte</strong> – Festival Internacional de Arte de São Paulo. Este ano, o evento apresentará um formato inovador com a sua primeira versão digital <strong>SP-Arte Viewing Room</strong> que acontece de 24 a 30 de agosto no site <a href="http://www.sp-arte.com" data-saferedirecturl="https://www.google.com/url?q=http://www.sp-arte.com&amp;source=gmail&amp;ust=1598029209245000&amp;usg=AFQjCNGQH2-iAgoehYFrQQlfSWtRWLhyRg">www.sp-arte.com</a>.</p>
<p>Nesta edição, será possível navegar por projetos expositivos de galerias de arte e design, desenvolvidos especialmente para o ambiente virtual. Para complementar a experiência, textos curatoriais, áudios e vídeos irão compor o projeto expositivo. Cada galeria participante poderá apresentar até 30 obras de um ou mais artistas em uma página personalizada.</p>
<p>Patrocinadora exclusiva do evento, a Iguatemi apresenta uma programação especial da SP-Arte Viewing Room durante o #IguatemiDaily &#8211; curadoria de conteúdos digitais do grupo. A diretora e criadora do evento, Fernanda Feitosa, irá participar de lives com galeristas e nomes do universo da arte nos perfis do Iguatemi e JK Iguatemi. Entre as participantes estão a CEO da Etel, Lissa Carmona e a consultora de arte e fundadora da Kura, Camila Yunes.</p>
<p>Ainda dentro do roteiro com Iguatemi, Fernanda irá intermediar lives no Zoom com clientes da rede com o intuito de estimular conversas sobre o fazer artístico, compartilhar tendências e fortalecer a economia criativa do Brasil. Com o tema Zoom Arte, Fernanda participa, ainda, de uma conversa para convidados com Camila Yunes. Já o Zoom Design, irá contar com a participação de Lissa Carmona e das designers Lia Siqueira, Claudia Moreira Salles e Jacqueline Terpins.</p>
<p>A SP- Arte é um festival internacional de arte contemporânea, que acontece em São Paulo desde 2005, e é um dos mais importantes eventos do mercado global. Se estabelece hoje como uma dinâmica plataforma de intercâmbio cultural e artístico entre curadores, colecionadores, artistas, renomadas galerias, obras e admiradores das artes.</p>

<p>A Iguatemi, incentivadora da arte e da cultura, e responsável pela administração do Iguatemi Alphaville, em Barueri, tem o prazer de, há mais de 13 anos consecutivos, apoiar e patrocinar uma nova [&hellip;]</p>
