{"id":710,"date":"2015-11-03T19:56:47","date_gmt":"2015-11-03T22:56:47","guid":{"rendered":"http:\/\/baruerieventos.com.br\/site\/?post_type=tribe_events&amp;p=710"},"modified":"2015-11-03T19:56:47","modified_gmt":"2015-11-03T22:56:47","slug":"festas-feitas-para-dancar","status":"publish","type":"tribe_events","link":"https:\/\/baruerieventos.com.br\/site\/event\/festas-feitas-para-dancar\/","title":{"rendered":"Festas&#8230; feitas para dan\u00e7ar"},"content":{"rendered":"<p>O espet\u00e1culo, elaborado com inspira\u00e7\u00e3o nas grandes festas que fazem parte da cultura brasileira, trazendo todo encanto de algumas dan\u00e7as sociais, marca o encerramento das Oficinas Culturais de Dan\u00e7a de Sal\u00e3o.<\/p>\n<p>O evento, batizado de Festas&#8230; Feitas para Dan\u00e7ar, A Oficina Dan\u00e7a de Sal\u00e3o \u00e9 comandada pelo professor Marcos Morgado (Marquinhos), que uma vez por m\u00eas tamb\u00e9m realiza o Baile de Dan\u00e7a de Sal\u00e3o, onde ensina diversos ritmos, permitindo que os alunos, amigos e familiares possam conhecer um pouco mais da Dan\u00e7a de Sal\u00e3o e pratic\u00e1-la.<\/p>\n<p>Mais informa\u00e7\u00f5es podem ser obtidas pelo telefone 4199-1600.<\/p>\n<p><strong>Centro de Eventos -Barueri<\/strong><\/p>\n<p><strong>Festas&#8230; feitas para dan\u00e7ar\u00a0<\/strong><\/p>\n<p><strong>Dia 14 de Novembro \u00e0s 19h.<\/strong><\/p>\n<p><strong>Entrada Franca<\/strong><\/p>\n","protected":false},"excerpt":{"rendered":"<p>O espet\u00e1culo, elaborado com inspira\u00e7\u00e3o nas grandes festas que fazem parte da cultura brasileira, trazendo todo encanto de algumas dan\u00e7as sociais, marca o encerramento das Oficinas Culturais de Dan\u00e7a de [&hellip;]<\/p>\n","protected":false},"author":1,"featured_media":711,"template":"","meta":{"_tribe_events_status":"","_tribe_events_status_reason":"","footnotes":""},"tags":[739,1953,3211,4150,4702],"tribe_events_cat":[6729,6730,6738,6739,6750,6756],"class_list":["post-710","tribe_events","type-tribe_events","status-publish","has-post-thumbnail","hentry","tag-baile-de-danca-de-salao","tag-danca-de-salao","tag-grandes-festas","tag-marquinhos","tag-oficinas-culturais","tribe_events_cat-arte","tribe_events_cat-baile","tribe_events_cat-culturais","tribe_events_cat-danca","tribe_events_cat-musicais","tribe_events_cat-shows","cat_arte","cat_baile","cat_culturais","cat_danca","cat_musicais","cat_shows"],"_links":{"self":[{"href":"https:\/\/baruerieventos.com.br\/site\/wp-json\/wp\/v2\/tribe_events\/710","targetHints":{"allow":["GET"]}}],"collection":[{"href":"https:\/\/baruerieventos.com.br\/site\/wp-json\/wp\/v2\/tribe_events"}],"about":[{"href":"https:\/\/baruerieventos.com.br\/site\/wp-json\/wp\/v2\/types\/tribe_events"}],"author":[{"embeddable":true,"href":"https:\/\/baruerieventos.com.br\/site\/wp-json\/wp\/v2\/users\/1"}],"version-history":[{"count":0,"href":"https:\/\/baruerieventos.com.br\/site\/wp-json\/wp\/v2\/tribe_events\/710\/revisions"}],"wp:featuredmedia":[{"embeddable":true,"href":"https:\/\/baruerieventos.com.br\/site\/wp-json\/"}],"wp:attachment":[{"href":"https:\/\/baruerieventos.com.br\/site\/wp-json\/wp\/v2\/media?parent=710"}],"wp:term":[{"taxonomy":"post_tag","embeddable":true,"href":"https:\/\/baruerieventos.com.br\/site\/wp-json\/wp\/v2\/tags?post=710"},{"taxonomy":"tribe_events_cat","embeddable":true,"href":"https:\/\/baruerieventos.com.br\/site\/wp-json\/wp\/v2\/tribe_events_cat?post=710"}],"curies":[{"name":"wp","href":"https:\/\/api.w.org\/{rel}","templated":true}]}}

Festas&#8230; feitas para dançar

<p>O espetáculo, elaborado com inspiração nas grandes festas que fazem parte da cultura brasileira, trazendo todo encanto de algumas danças sociais, marca o encerramento das Oficinas Culturais de Dança de Salão.</p>
<p>O evento, batizado de Festas&#8230; Feitas para Dançar, A Oficina Dança de Salão é comandada pelo professor Marcos Morgado (Marquinhos), que uma vez por mês também realiza o Baile de Dança de Salão, onde ensina diversos ritmos, permitindo que os alunos, amigos e familiares possam conhecer um pouco mais da Dança de Salão e praticá-la.</p>
<p>Mais informações podem ser obtidas pelo telefone 4199-1600.</p>
<p><strong>Centro de Eventos -Barueri</strong></p>
<p><strong>Festas&#8230; feitas para dançar </strong></p>
<p><strong>Dia 14 de Novembro às 19h.</strong></p>
<p><strong>Entrada Franca</strong></p>

<p>O espetáculo, elaborado com inspiração nas grandes festas que fazem parte da cultura brasileira, trazendo todo encanto de algumas danças sociais, marca o encerramento das Oficinas Culturais de Dança de [&hellip;]</p>
