{"id":7306,"date":"2021-12-01T20:17:36","date_gmt":"2021-12-01T23:17:36","guid":{"rendered":"https:\/\/www.baruerieventos.com.br\/site\/?post_type=tribe_events&amp;p=7306"},"modified":"2021-12-01T20:17:36","modified_gmt":"2021-12-01T23:17:36","slug":"santana-de-parnaiba-inaugura-natal-de-luz-com-o-maior-presepio-articulado-do-estado","status":"publish","type":"tribe_events","link":"https:\/\/baruerieventos.com.br\/site\/event\/santana-de-parnaiba-inaugura-natal-de-luz-com-o-maior-presepio-articulado-do-estado\/","title":{"rendered":"Santana de Parna\u00edba inaugura \u201cNatal de Luz\u201d com o maior pres\u00e9pio articulado do Estado"},"content":{"rendered":"<p><strong>No pr\u00f3ximo dia 03\/12, acontece a inaugura\u00e7\u00e3o.<\/strong><\/p>\n<p>Para proporcionar uma experi\u00eancia \u00fanica aos moradores e visitantes de Santana de Parna\u00edba, na pr\u00f3xima sexta-feira (03\/12), acontecer\u00e1 a cerim\u00f4nia de inaugura\u00e7\u00e3o do \u201cNatal de Luz\u201d, com o acendimento das luzes que far\u00e3o parte da tradicional decora\u00e7\u00e3o de natal da cidade, al\u00e9m da abertura do pres\u00e9pio.<\/p>\n<p>Mais de 50 mil l\u00e2mpadas Ir\u00e3o enfeitar a Pra\u00e7a XIV de Novembro, Pra\u00e7a da Bandeira, Largo da Matriz, al\u00e9m de \u00e1rvores, jardins, coreto, ruas, fachadas e todo o entorno do Centro Hist\u00f3rico.<\/p>\n<p>Considerado o maior do Estado de S\u00e3o Paulo com mais de 200 metros quadrados, o pres\u00e9pio articulado conta com 21 bonecos mecanizados, que contam a hist\u00f3ria do nascimento de Jesus.<\/p>\n<p>Para este ano, a grande novidade \u00e9 a proje\u00e7\u00e3o de imagens natalinas na fachada principal da igreja Matriz. Tamb\u00e9m est\u00e1 prevista a Casa do Papai Noel, que ficar\u00e1 ao lado do pres\u00e9pio, al\u00e9m de cantatas de natal, uma delas com um dos maiores tenores internacionais e participante do Show dos Famosos, Tiago Arancam.<\/p>\n<p>Confira a programa\u00e7\u00e3o completa.<\/p>\n<p><a href=\"https:\/\/baruerieventos.com.br\/site\/wp-content\/uploads\/2021\/12\/Programacao.jpg\"><img loading=\"lazy\" decoding=\"async\" class=\"alignleft size-full wp-image-7310\" src=\"https:\/\/baruerieventos.com.br\/site\/wp-content\/uploads\/2021\/12\/Programacao.jpg\" alt=\"\" width=\"1676\" height=\"1023\" \/><\/a><\/p>\n<p>&nbsp;<\/p>\n","protected":false},"excerpt":{"rendered":"<p>No pr\u00f3ximo dia 03\/12, acontece a inaugura\u00e7\u00e3o. Para proporcionar uma experi\u00eancia \u00fanica aos moradores e visitantes de Santana de Parna\u00edba, na pr\u00f3xima sexta-feira (03\/12), acontecer\u00e1 a cerim\u00f4nia de inaugura\u00e7\u00e3o do [&hellip;]<\/p>\n","protected":false},"author":2,"featured_media":7307,"template":"","meta":{"_tribe_events_status":"","_tribe_events_status_reason":"","footnotes":""},"tags":[250,1414,1775,2002,2647,3380,3813,4349,5162,5212,5582,6263],"tribe_events_cat":[],"class_list":["post-7306","tribe_events","type-tribe_events","status-publish","has-post-thumbnail","hentry","tag-abertura-do-presepio","tag-cerimonia-de-inauguracao-do-natal-de-luz","tag-coreto","tag-decoracao-de-natal-da-cidade","tag-fachadas-e-todo-o-entorno-do-centro-historico","tag-historia-do-nascimento-de-jesus","tag-largo-da-matriz","tag-moradores-e-visitantes-de-santana-de-parnaiba","tag-praca-da-bandeira","tag-presepio-articulado-conta-com-21-bonecos-mecanizados","tag-ruas","tag-tiago-arancam"],"_links":{"self":[{"href":"https:\/\/baruerieventos.com.br\/site\/wp-json\/wp\/v2\/tribe_events\/7306","targetHints":{"allow":["GET"]}}],"collection":[{"href":"https:\/\/baruerieventos.com.br\/site\/wp-json\/wp\/v2\/tribe_events"}],"about":[{"href":"https:\/\/baruerieventos.com.br\/site\/wp-json\/wp\/v2\/types\/tribe_events"}],"author":[{"embeddable":true,"href":"https:\/\/baruerieventos.com.br\/site\/wp-json\/wp\/v2\/users\/2"}],"version-history":[{"count":0,"href":"https:\/\/baruerieventos.com.br\/site\/wp-json\/wp\/v2\/tribe_events\/7306\/revisions"}],"wp:featuredmedia":[{"embeddable":true,"href":"https:\/\/baruerieventos.com.br\/site\/wp-json\/"}],"wp:attachment":[{"href":"https:\/\/baruerieventos.com.br\/site\/wp-json\/wp\/v2\/media?parent=7306"}],"wp:term":[{"taxonomy":"post_tag","embeddable":true,"href":"https:\/\/baruerieventos.com.br\/site\/wp-json\/wp\/v2\/tags?post=7306"},{"taxonomy":"tribe_events_cat","embeddable":true,"href":"https:\/\/baruerieventos.com.br\/site\/wp-json\/wp\/v2\/tribe_events_cat?post=7306"}],"curies":[{"name":"wp","href":"https:\/\/api.w.org\/{rel}","templated":true}]}}

Santana de Parnaíba inaugura “Natal de Luz” com o maior presépio articulado do Estado

<p><strong>No próximo dia 03/12, acontece a inauguração.</strong></p>
<p>Para proporcionar uma experiência única aos moradores e visitantes de Santana de Parnaíba, na próxima sexta-feira (03/12), acontecerá a cerimônia de inauguração do “Natal de Luz”, com o acendimento das luzes que farão parte da tradicional decoração de natal da cidade, além da abertura do presépio.</p>
<p>Mais de 50 mil lâmpadas Irão enfeitar a Praça XIV de Novembro, Praça da Bandeira, Largo da Matriz, além de árvores, jardins, coreto, ruas, fachadas e todo o entorno do Centro Histórico.</p>
<p>Considerado o maior do Estado de São Paulo com mais de 200 metros quadrados, o presépio articulado conta com 21 bonecos mecanizados, que contam a história do nascimento de Jesus.</p>
<p>Para este ano, a grande novidade é a projeção de imagens natalinas na fachada principal da igreja Matriz. Também está prevista a Casa do Papai Noel, que ficará ao lado do presépio, além de cantatas de natal, uma delas com um dos maiores tenores internacionais e participante do Show dos Famosos, Tiago Arancam.</p>
<p>Confira a programação completa.</p>
<p><a href="https://baruerieventos.com.br/site/wp-content/uploads/2021/12/Programacao.jpg"><img loading="lazy" decoding="async" class="alignleft size-full wp-image-7310" src="https://baruerieventos.com.br/site/wp-content/uploads/2021/12/Programacao.jpg" alt="" width="1676" height="1023" /></a></p>
<p>&nbsp;</p>

<p>No próximo dia 03/12, acontece a inauguração. Para proporcionar uma experiência única aos moradores e visitantes de Santana de Parnaíba, na próxima sexta-feira (03/12), acontecerá a cerimônia de inauguração do [&hellip;]</p>
