{"id":733,"date":"2015-11-09T23:21:42","date_gmt":"2015-11-10T02:21:42","guid":{"rendered":"http:\/\/baruerieventos.com.br\/site\/?post_type=tribe_events&amp;p=733"},"modified":"2015-11-09T23:21:42","modified_gmt":"2015-11-10T02:21:42","slug":"musica-no-museu-3","status":"publish","type":"tribe_events","link":"https:\/\/baruerieventos.com.br\/site\/event\/musica-no-museu-3\/","title":{"rendered":"M\u00fasica no Museu"},"content":{"rendered":"<p>M\u00fasica no Museu, programa da Secretaria de Cultura e Turismo que acontece na segunda sexta-feira do m\u00eas no Museu Municipal, \u00e0s 19 horas, ter\u00e1 a anima\u00e7\u00e3o de Ronaldo Lucas, m\u00fasico e instrutor na secretaria, e convidados.<\/p>\n<p>O programa \u00e9 a combina\u00e7\u00e3o entre m\u00fasica de qualidade e ambiente pra l\u00e1 de agrad\u00e1vel, j\u00e1 que a apresenta\u00e7\u00e3o se d\u00e1 na \u00e1rea externa do Museu, onde h\u00e1 um jardim, um coreto e uma Oca Xavantes.<\/p>\n<p>Al\u00e9m de apreciar os jardins e as instala\u00e7\u00f5es, os convidados podem aproveitar a oportunidade para conhecer um pouco mais sobre a hist\u00f3ria da cidade. \u00c9 que o Museu Municipal possui um vasto acervo de fotos e utens\u00edlios de \u00e9poca. No m\u00eas de novembro, por exemplo, traz a mostra \u201cAldeia \u2013 ontem, hoje e sempre\u201d, que re\u00fane informa\u00e7\u00f5es sobre a funda\u00e7\u00e3o da Aldeia de Barueri, a partir de fotos e mat\u00e9rias, inclusive, sobre a escava\u00e7\u00e3o realizada por profissionais da USP na \u00e1rea no entorno da Capela de Nossa Senhora da Escada.<\/p>\n<p><strong>M\u00daSICA NO MUSEU \u2013 RONALDO LUCAS E CONVIDADOS<\/strong><br \/>\n<strong>Sexta-feira, 13 de novembro, \u00e0s 19 horas<\/strong><br \/>\n<strong>No Museu Municipal de Barueri <\/strong><\/p>\n","protected":false},"excerpt":{"rendered":"<p>M\u00fasica no Museu, programa da Secretaria de Cultura e Turismo que acontece na segunda sexta-feira do m\u00eas no Museu Municipal, \u00e0s 19 horas, ter\u00e1 a anima\u00e7\u00e3o de Ronaldo Lucas, m\u00fasico [&hellip;]<\/p>\n","protected":false},"author":2,"featured_media":734,"template":"","meta":{"_tribe_events_status":"","_tribe_events_status_reason":"","footnotes":""},"tags":[],"tribe_events_cat":[6730,6738,6741,6750,6756],"class_list":["post-733","tribe_events","type-tribe_events","status-publish","has-post-thumbnail","hentry","tribe_events_cat-baile","tribe_events_cat-culturais","tribe_events_cat-evento-gratuito","tribe_events_cat-musicais","tribe_events_cat-shows","cat_baile","cat_culturais","cat_evento-gratuito","cat_musicais","cat_shows"],"_links":{"self":[{"href":"https:\/\/baruerieventos.com.br\/site\/wp-json\/wp\/v2\/tribe_events\/733","targetHints":{"allow":["GET"]}}],"collection":[{"href":"https:\/\/baruerieventos.com.br\/site\/wp-json\/wp\/v2\/tribe_events"}],"about":[{"href":"https:\/\/baruerieventos.com.br\/site\/wp-json\/wp\/v2\/types\/tribe_events"}],"author":[{"embeddable":true,"href":"https:\/\/baruerieventos.com.br\/site\/wp-json\/wp\/v2\/users\/2"}],"version-history":[{"count":0,"href":"https:\/\/baruerieventos.com.br\/site\/wp-json\/wp\/v2\/tribe_events\/733\/revisions"}],"wp:featuredmedia":[{"embeddable":true,"href":"https:\/\/baruerieventos.com.br\/site\/wp-json\/"}],"wp:attachment":[{"href":"https:\/\/baruerieventos.com.br\/site\/wp-json\/wp\/v2\/media?parent=733"}],"wp:term":[{"taxonomy":"post_tag","embeddable":true,"href":"https:\/\/baruerieventos.com.br\/site\/wp-json\/wp\/v2\/tags?post=733"},{"taxonomy":"tribe_events_cat","embeddable":true,"href":"https:\/\/baruerieventos.com.br\/site\/wp-json\/wp\/v2\/tribe_events_cat?post=733"}],"curies":[{"name":"wp","href":"https:\/\/api.w.org\/{rel}","templated":true}]}}

Música no Museu

<p>Música no Museu, programa da Secretaria de Cultura e Turismo que acontece na segunda sexta-feira do mês no Museu Municipal, às 19 horas, terá a animação de Ronaldo Lucas, músico e instrutor na secretaria, e convidados.</p>
<p>O programa é a combinação entre música de qualidade e ambiente pra lá de agradável, já que a apresentação se dá na área externa do Museu, onde há um jardim, um coreto e uma Oca Xavantes.</p>
<p>Além de apreciar os jardins e as instalações, os convidados podem aproveitar a oportunidade para conhecer um pouco mais sobre a história da cidade. É que o Museu Municipal possui um vasto acervo de fotos e utensílios de época. No mês de novembro, por exemplo, traz a mostra “Aldeia – ontem, hoje e sempre”, que reúne informações sobre a fundação da Aldeia de Barueri, a partir de fotos e matérias, inclusive, sobre a escavação realizada por profissionais da USP na área no entorno da Capela de Nossa Senhora da Escada.</p>
<p><strong>MÚSICA NO MUSEU – RONALDO LUCAS E CONVIDADOS</strong><br />
<strong>Sexta-feira, 13 de novembro, às 19 horas</strong><br />
<strong>No Museu Municipal de Barueri </strong></p>

<p>Música no Museu, programa da Secretaria de Cultura e Turismo que acontece na segunda sexta-feira do mês no Museu Municipal, às 19 horas, terá a animação de Ronaldo Lucas, músico [&hellip;]</p>
