{"id":7394,"date":"2022-04-18T19:25:27","date_gmt":"2022-04-18T22:25:27","guid":{"rendered":"https:\/\/www.baruerieventos.com.br\/site\/?post_type=tribe_events&amp;p=7394"},"modified":"2022-04-18T19:25:27","modified_gmt":"2022-04-18T22:25:27","slug":"feira-de-adocao-de-caes-no-parque-dom-jose","status":"publish","type":"tribe_events","link":"https:\/\/baruerieventos.com.br\/site\/event\/feira-de-adocao-de-caes-no-parque-dom-jose\/","title":{"rendered":"Feira de Ado\u00e7\u00e3o de C\u00e3es no Parque Dom Jos\u00e9\u00a0"},"content":{"rendered":"\n<p>Dia 23, s\u00e1bado, das 10h \u00e0s 15h, acontecer\u00e1 a Feira de Ado\u00e7\u00e3o de C\u00e3es no Parque Municipal Dom Jos\u00e9 (rua \u00c2ngela Mirella, 500, na Vila Porto). O evento \u00e9 organizado pelo Centro de Prote\u00e7\u00e3o ao Animal Dom\u00e9stico (<a href=\"https:\/\/portal.barueri.sp.gov.br\/secretarias\/secretaria-recursos-naturais-meio-ambiente\/cepad\" target=\"_blank\" rel=\"noreferrer noopener\">Cepad<\/a>), que faz parte da Secretaria de Recursos Naturais e Meio Ambiente (Sema).<\/p>\n\n\n\n<p><strong>Como adotar\u00a0<\/strong> Para levar seu c\u00e3ozinho pra casa, basta ter idade superior a 18 anos, escolher o bichinho de sua prefer\u00eancia, informar os n\u00fameros de RG e CPF, o endere\u00e7o residencial e assinar um Termo de Ado\u00e7\u00e3o Respons\u00e1vel, assegurando a tutela do animal.<\/p>\n\n\n\n<p><strong>N\u00e3o compre, adote\u00a0<\/strong> Os pets que o Cepad 1 disponibiliza s\u00e3o castrados, vacinados e microchipados. Al\u00e9m disso, quem adota por meio do Centro tem o direito de usufruir do atendimento veterin\u00e1rio gratuito, que disponibiliza consultas de rotina.<\/p>\n\n\n\n<p>\u201cSeu bichinho de estima\u00e7\u00e3o pode estar na feirinha de ado\u00e7\u00e3o do Cepad.\u00a0 V\u00e1rios animais est\u00e3o em busca de um novo lar e prontinhos para dar muito amor e carinho. S\u00e3o todos castrados, vacinados, vermifugados e microchipados. Sua fam\u00edlia merece essa seguran\u00e7a\u201d, incentiva a gestora do Cepad, Camilla Paniza de Camargo.<\/p>\n","protected":false},"excerpt":{"rendered":"<p>Dia 23, s\u00e1bado, das 10h \u00e0s 15h, acontecer\u00e1 a Feira de Ado\u00e7\u00e3o de C\u00e3es no Parque Municipal Dom Jos\u00e9 (rua \u00c2ngela Mirella, 500, na Vila Porto). O evento \u00e9 organizado [&hellip;]<\/p>\n","protected":false},"author":2,"featured_media":7395,"template":"","meta":{"_tribe_events_status":"","_tribe_events_status_reason":"","footnotes":""},"tags":[1406,1413,2187,2704,2707,5025,5749],"tribe_events_cat":[6741,6742],"class_list":["post-7394","tribe_events","type-tribe_events","status-publish","has-post-thumbnail","hentry","tag-centro-de-protecao-ao-animal-domestico","tag-cepad","tag-doacao-de-animais","tag-feira-de-ad","tag-feira-de-adocao-de-caes","tag-pets","tag-secretaria-de-recursos-naturais-e-meio-ambiente","tribe_events_cat-evento-gratuito","tribe_events_cat-feiras-e-exposicoes","cat_evento-gratuito","cat_feiras-e-exposicoes"],"_links":{"self":[{"href":"https:\/\/baruerieventos.com.br\/site\/wp-json\/wp\/v2\/tribe_events\/7394","targetHints":{"allow":["GET"]}}],"collection":[{"href":"https:\/\/baruerieventos.com.br\/site\/wp-json\/wp\/v2\/tribe_events"}],"about":[{"href":"https:\/\/baruerieventos.com.br\/site\/wp-json\/wp\/v2\/types\/tribe_events"}],"author":[{"embeddable":true,"href":"https:\/\/baruerieventos.com.br\/site\/wp-json\/wp\/v2\/users\/2"}],"version-history":[{"count":0,"href":"https:\/\/baruerieventos.com.br\/site\/wp-json\/wp\/v2\/tribe_events\/7394\/revisions"}],"wp:featuredmedia":[{"embeddable":true,"href":"https:\/\/baruerieventos.com.br\/site\/wp-json\/"}],"wp:attachment":[{"href":"https:\/\/baruerieventos.com.br\/site\/wp-json\/wp\/v2\/media?parent=7394"}],"wp:term":[{"taxonomy":"post_tag","embeddable":true,"href":"https:\/\/baruerieventos.com.br\/site\/wp-json\/wp\/v2\/tags?post=7394"},{"taxonomy":"tribe_events_cat","embeddable":true,"href":"https:\/\/baruerieventos.com.br\/site\/wp-json\/wp\/v2\/tribe_events_cat?post=7394"}],"curies":[{"name":"wp","href":"https:\/\/api.w.org\/{rel}","templated":true}]}}

Feira de Adoção de Cães no Parque Dom José

<p>Dia 23, sábado, das 10h às 15h, acontecerá a Feira de Adoção de Cães no Parque Municipal Dom José (rua Ângela Mirella, 500, na Vila Porto). O evento é organizado pelo Centro de Proteção ao Animal Doméstico (<a href="https://portal.barueri.sp.gov.br/secretarias/secretaria-recursos-naturais-meio-ambiente/cepad" target="_blank" rel="noreferrer noopener">Cepad</a>), que faz parte da Secretaria de Recursos Naturais e Meio Ambiente (Sema).</p>



<p><strong>Como adotar </strong> Para levar seu cãozinho pra casa, basta ter idade superior a 18 anos, escolher o bichinho de sua preferência, informar os números de RG e CPF, o endereço residencial e assinar um Termo de Adoção Responsável, assegurando a tutela do animal.</p>



<p><strong>Não compre, adote </strong> Os pets que o Cepad 1 disponibiliza são castrados, vacinados e microchipados. Além disso, quem adota por meio do Centro tem o direito de usufruir do atendimento veterinário gratuito, que disponibiliza consultas de rotina.</p>



<p>“Seu bichinho de estimação pode estar na feirinha de adoção do Cepad.  Vários animais estão em busca de um novo lar e prontinhos para dar muito amor e carinho. São todos castrados, vacinados, vermifugados e microchipados. Sua família merece essa segurança”, incentiva a gestora do Cepad, Camilla Paniza de Camargo.</p>

<p>Dia 23, sábado, das 10h às 15h, acontecerá a Feira de Adoção de Cães no Parque Municipal Dom José (rua Ângela Mirella, 500, na Vila Porto). O evento é organizado [&hellip;]</p>
