{"id":744,"date":"2015-11-11T12:24:12","date_gmt":"2015-11-11T15:24:12","guid":{"rendered":"http:\/\/baruerieventos.com.br\/site\/?post_type=tribe_events&amp;p=744"},"modified":"2015-11-11T12:24:12","modified_gmt":"2015-11-11T15:24:12","slug":"caminhada-de-celebracao-do-dia-mundial-do-diabetes","status":"publish","type":"tribe_events","link":"https:\/\/baruerieventos.com.br\/site\/event\/caminhada-de-celebracao-do-dia-mundial-do-diabetes\/","title":{"rendered":"Caminhada de Celebra\u00e7\u00e3o do dia Mundial do Diabetes"},"content":{"rendered":"<p>Em aten\u00e7\u00e3o ao Dia Mundial do Diabetes, celebrado em 14 de novembro, a Secretaria de Sa\u00fade de Barueri promover\u00e1 neste s\u00e1bado uma caminhada de conscientiza\u00e7\u00e3o e uma s\u00e9rie de atividades no Parque Municipal Dom Jos\u00e9.<\/p>\n<p>Com a participa\u00e7\u00e3o de crian\u00e7as e jovens que integram o programa Viver Melhor com Diabetes, a caminhada sair\u00e1 \u00e0s 9 horas de frente \u00e0 Secretaria da Mulher (avenida Sebasti\u00e3o Davino dos Reis, 756, na Vila Porto). Quem quiser participar \u00e9 s\u00f3 usar uma camiseta na cor azul.<\/p>\n<p>O destino da caminhada \u00e9 o Parque Municipal, onde outras atividades acontecer\u00e3o at\u00e9 14 horas. Al\u00e9m de dan\u00e7as e brincadeiras, haver\u00e1, com apoio da Associa\u00e7\u00e3o de Diabetes Juvenil (ADJ), orienta\u00e7\u00f5es sobre a doen\u00e7a e testes gratuitos de glicemia.<\/p>\n<p>O objetivo da a\u00e7\u00e3o \u00e9 alertar sobre a import\u00e2ncia do diagn\u00f3stico precoce do diabetes, que evita complica\u00e7\u00f5es maiores.<\/p>\n<p><strong>Novembro Azul<\/strong><\/p>\n<p>Destacado como per\u00edodo de aten\u00e7\u00e3o \u00e0 sa\u00fade do homem, em especial de preven\u00e7\u00e3o ao c\u00e2ncer de pr\u00f3stata, o m\u00eas de novembro tamb\u00e9m envolve a conscientiza\u00e7\u00e3o sobre o diabetes.<\/p>\n<p>Em 2007, a ONU referendou o Dia Mundial do Diabetes (14 de novembro) atribuindo-lhe simbolicamente a sua pr\u00f3pria cor azul, que passou a ser compartilhada por toda a campanha Novembro Azul.<\/p>\n","protected":false},"excerpt":{"rendered":"<p>Em aten\u00e7\u00e3o ao Dia Mundial do Diabetes, celebrado em 14 de novembro, a Secretaria de Sa\u00fade de Barueri promover\u00e1 neste s\u00e1bado uma caminhada de conscientiza\u00e7\u00e3o e uma s\u00e9rie de atividades [&hellip;]<\/p>\n","protected":false},"author":1,"featured_media":745,"template":"","meta":{"_tribe_events_status":"","_tribe_events_status_reason":"","footnotes":""},"tags":[],"tribe_events_cat":[6733,6740,6741],"class_list":["post-744","tribe_events","type-tribe_events","status-publish","has-post-thumbnail","hentry","tribe_events_cat-caminhada","tribe_events_cat-esportivos","tribe_events_cat-evento-gratuito","cat_caminhada","cat_esportivos","cat_evento-gratuito"],"_links":{"self":[{"href":"https:\/\/baruerieventos.com.br\/site\/wp-json\/wp\/v2\/tribe_events\/744","targetHints":{"allow":["GET"]}}],"collection":[{"href":"https:\/\/baruerieventos.com.br\/site\/wp-json\/wp\/v2\/tribe_events"}],"about":[{"href":"https:\/\/baruerieventos.com.br\/site\/wp-json\/wp\/v2\/types\/tribe_events"}],"author":[{"embeddable":true,"href":"https:\/\/baruerieventos.com.br\/site\/wp-json\/wp\/v2\/users\/1"}],"version-history":[{"count":0,"href":"https:\/\/baruerieventos.com.br\/site\/wp-json\/wp\/v2\/tribe_events\/744\/revisions"}],"wp:featuredmedia":[{"embeddable":true,"href":"https:\/\/baruerieventos.com.br\/site\/wp-json\/"}],"wp:attachment":[{"href":"https:\/\/baruerieventos.com.br\/site\/wp-json\/wp\/v2\/media?parent=744"}],"wp:term":[{"taxonomy":"post_tag","embeddable":true,"href":"https:\/\/baruerieventos.com.br\/site\/wp-json\/wp\/v2\/tags?post=744"},{"taxonomy":"tribe_events_cat","embeddable":true,"href":"https:\/\/baruerieventos.com.br\/site\/wp-json\/wp\/v2\/tribe_events_cat?post=744"}],"curies":[{"name":"wp","href":"https:\/\/api.w.org\/{rel}","templated":true}]}}

Caminhada de Celebração do dia Mundial do Diabetes

<p>Em atenção ao Dia Mundial do Diabetes, celebrado em 14 de novembro, a Secretaria de Saúde de Barueri promoverá neste sábado uma caminhada de conscientização e uma série de atividades no Parque Municipal Dom José.</p>
<p>Com a participação de crianças e jovens que integram o programa Viver Melhor com Diabetes, a caminhada sairá às 9 horas de frente à Secretaria da Mulher (avenida Sebastião Davino dos Reis, 756, na Vila Porto). Quem quiser participar é só usar uma camiseta na cor azul.</p>
<p>O destino da caminhada é o Parque Municipal, onde outras atividades acontecerão até 14 horas. Além de danças e brincadeiras, haverá, com apoio da Associação de Diabetes Juvenil (ADJ), orientações sobre a doença e testes gratuitos de glicemia.</p>
<p>O objetivo da ação é alertar sobre a importância do diagnóstico precoce do diabetes, que evita complicações maiores.</p>
<p><strong>Novembro Azul</strong></p>
<p>Destacado como período de atenção à saúde do homem, em especial de prevenção ao câncer de próstata, o mês de novembro também envolve a conscientização sobre o diabetes.</p>
<p>Em 2007, a ONU referendou o Dia Mundial do Diabetes (14 de novembro) atribuindo-lhe simbolicamente a sua própria cor azul, que passou a ser compartilhada por toda a campanha Novembro Azul.</p>

<p>Em atenção ao Dia Mundial do Diabetes, celebrado em 14 de novembro, a Secretaria de Saúde de Barueri promoverá neste sábado uma caminhada de conscientização e uma série de atividades [&hellip;]</p>
