{"id":755,"date":"2015-11-16T16:25:06","date_gmt":"2015-11-16T19:25:06","guid":{"rendered":"http:\/\/baruerieventos.com.br\/site\/?post_type=tribe_events&amp;p=755"},"modified":"2015-11-16T16:25:06","modified_gmt":"2015-11-16T19:25:06","slug":"8o-concurso-de-fotografia-ambiental","status":"publish","type":"tribe_events","link":"https:\/\/baruerieventos.com.br\/site\/event\/8o-concurso-de-fotografia-ambiental\/","title":{"rendered":"8\u00ba Concurso de fotografia ambiental"},"content":{"rendered":"<p><strong>Premia\u00e7\u00e3o do Concurso de Fotografia \u201cPaisagens em Barueri\u201d\u00a0<\/strong><\/p>\n<p>Premia\u00e7ao\u00a0do 8\u00ba Concurso de Fotografia Ambiental \u201cPaisagens em Barueri\u201d, na C\u00e2mara Municipal de Barueri. O concurso, que desde 2008 premia as melhores fotos de \u00e1rvores da cidade.<\/p>\n<p>A comiss\u00e3o julgadora escolheu os vencedores no m\u00eas de outubro e foi composta por profissionais experientes na \u00e1rea da fotografia.<\/p>\n<p>Os vencedores do concurso ser\u00e3o divulgados apenas no evento de premia\u00e7\u00e3o. Todos est\u00e3o convidados a participar. Para mais informa\u00e7\u00f5es 4199-1500.<\/p>\n<p>19h &#8211;\u00a0Coquetel de Recep\u00e7\u00e3o<\/p>\n<p>19h30 &#8211; Cerim\u00f4nia de Abertura<\/p>\n<p>21h &#8211; Abertura da Exposi\u00e7\u00e3o<\/p>\n<p><strong>\u00a0<\/strong><strong>PREMIA\u00c7\u00c3O 8\u00ba CONCURSO DE FOTOGRAFIA \u201cPAISAGENS EM BARUERI\u201d<\/strong><\/p>\n<p><strong>Quarta-feira, 18 de novembro, \u00e0s 19h00<\/strong><\/p>\n<p><strong>C\u00e2mara Municipal de Barueri<\/strong><\/p>\n","protected":false},"excerpt":{"rendered":"<p>Premia\u00e7\u00e3o do Concurso de Fotografia \u201cPaisagens em Barueri\u201d\u00a0 Premia\u00e7ao\u00a0do 8\u00ba Concurso de Fotografia Ambiental \u201cPaisagens em Barueri\u201d, na C\u00e2mara Municipal de Barueri. O concurso, que desde 2008 premia as melhores [&hellip;]<\/p>\n","protected":false},"author":1,"featured_media":756,"template":"","meta":{"_tribe_events_status":"","_tribe_events_status_reason":"","footnotes":""},"tags":[180,892,3000,4827],"tribe_events_cat":[6729,6738,6741,6742],"class_list":["post-755","tribe_events","type-tribe_events","status-publish","has-post-thumbnail","hentry","tag-8-concurso-fotografia","tag-barueri-em-fotos","tag-fotografia","tag-paisagens-de-barueri","tribe_events_cat-arte","tribe_events_cat-culturais","tribe_events_cat-evento-gratuito","tribe_events_cat-feiras-e-exposicoes","cat_arte","cat_culturais","cat_evento-gratuito","cat_feiras-e-exposicoes"],"_links":{"self":[{"href":"https:\/\/baruerieventos.com.br\/site\/wp-json\/wp\/v2\/tribe_events\/755","targetHints":{"allow":["GET"]}}],"collection":[{"href":"https:\/\/baruerieventos.com.br\/site\/wp-json\/wp\/v2\/tribe_events"}],"about":[{"href":"https:\/\/baruerieventos.com.br\/site\/wp-json\/wp\/v2\/types\/tribe_events"}],"author":[{"embeddable":true,"href":"https:\/\/baruerieventos.com.br\/site\/wp-json\/wp\/v2\/users\/1"}],"version-history":[{"count":0,"href":"https:\/\/baruerieventos.com.br\/site\/wp-json\/wp\/v2\/tribe_events\/755\/revisions"}],"wp:featuredmedia":[{"embeddable":true,"href":"https:\/\/baruerieventos.com.br\/site\/wp-json\/"}],"wp:attachment":[{"href":"https:\/\/baruerieventos.com.br\/site\/wp-json\/wp\/v2\/media?parent=755"}],"wp:term":[{"taxonomy":"post_tag","embeddable":true,"href":"https:\/\/baruerieventos.com.br\/site\/wp-json\/wp\/v2\/tags?post=755"},{"taxonomy":"tribe_events_cat","embeddable":true,"href":"https:\/\/baruerieventos.com.br\/site\/wp-json\/wp\/v2\/tribe_events_cat?post=755"}],"curies":[{"name":"wp","href":"https:\/\/api.w.org\/{rel}","templated":true}]}}

8º Concurso de fotografia ambiental

<p><strong>Premiação do Concurso de Fotografia “Paisagens em Barueri” </strong></p>
<p>Premiaçao do 8º Concurso de Fotografia Ambiental “Paisagens em Barueri”, na Câmara Municipal de Barueri. O concurso, que desde 2008 premia as melhores fotos de árvores da cidade.</p>
<p>A comissão julgadora escolheu os vencedores no mês de outubro e foi composta por profissionais experientes na área da fotografia.</p>
<p>Os vencedores do concurso serão divulgados apenas no evento de premiação. Todos estão convidados a participar. Para mais informações 4199-1500.</p>
<p>19h &#8211; Coquetel de Recepção</p>
<p>19h30 &#8211; Cerimônia de Abertura</p>
<p>21h &#8211; Abertura da Exposição</p>
<p><strong> </strong><strong>PREMIAÇÃO 8º CONCURSO DE FOTOGRAFIA “PAISAGENS EM BARUERI”</strong></p>
<p><strong>Quarta-feira, 18 de novembro, às 19h00</strong></p>
<p><strong>Câmara Municipal de Barueri</strong></p>

<p>Premiação do Concurso de Fotografia “Paisagens em Barueri”  Premiaçao do 8º Concurso de Fotografia Ambiental “Paisagens em Barueri”, na Câmara Municipal de Barueri. O concurso, que desde 2008 premia as melhores [&hellip;]</p>
