{"id":759,"date":"2015-11-19T18:50:44","date_gmt":"2015-11-19T21:50:44","guid":{"rendered":"http:\/\/baruerieventos.com.br\/site\/?post_type=tribe_events&amp;p=759"},"modified":"2015-11-19T18:50:44","modified_gmt":"2015-11-19T21:50:44","slug":"ii-forum-sobre-a-enfrentamento-violencia-contra-a-mulher","status":"publish","type":"tribe_events","link":"https:\/\/baruerieventos.com.br\/site\/event\/ii-forum-sobre-a-enfrentamento-violencia-contra-a-mulher\/","title":{"rendered":"II F\u00f3rum sobre \u00e0 enfrentamento Viol\u00eancia contra a Mulher"},"content":{"rendered":"<p>O objetivo do f\u00f3rum \u00e9 sensibilizar os participantes na tem\u00e1tica central \u201cDireitos Humanos, Conquistas e Avan\u00e7os no Combate a Viol\u00eancia contra a Mulher\u201d e promover uma reflex\u00e3o sobre o assunto e a corresponsabilidade do Estado, da esfera privada e da sociedade civil.<u><\/u><u><\/u><\/p>\n<p><u><\/u>\u00a0Nesta edi\u00e7\u00e3o, o f\u00f3rum visa garantir a aplicabilidade da Lei Maria da Penha, com atendimento acolhedor, respeitoso e humanizado \u00e0s mulheres v\u00edtimas de viol\u00eancia, fortalecendo a implementa\u00e7\u00e3o do pacto nacional relacionado ao assunto.<u><\/u><u><\/u><\/p>\n<p><u><\/u>\u00a0Participam como palestrantes a delegada da Mulher de Barueri, Roberta Franco Aidar; Dalila Eug\u00eania M. Dias Figueiredo, fundadora da Associa\u00e7\u00e3o Brasileira de Defesa da Mulher, Inf\u00e2ncia e da Juventude (Asbrad); Ana L\u00facia Keunecke, fundadora e diretora jur\u00eddica da Associa\u00e7\u00e3o Artemis; e K\u00e1tia Boulos, presidente da Comiss\u00e3o da Mulher Advogada da OAB\/SP.<u><\/u><u><\/u><\/p>\n<p><u><\/u>\u00a0O evento ser\u00e1 aberto para perguntas e d\u00favidas.Acesse o link, preencha o formul\u00e1rio e fa\u00e7a sua inscri\u00e7\u00e3o.\u00a0<a href=\"http:\/\/goo.gl\/forms\/E4awuzC7Lz\" target=\"_blank\" rel=\"nofollow nofollow\">http:\/\/goo.gl\/forms\/<wbr \/>E4awuzC7Lz<\/a><u><\/u><u><\/u><\/p>\n<p><u><\/u>\u00a0<b>II F\u00d3RUM DE ENFRENTAMENTO \u00c0 VIOL\u00caNCIA CONTRA MULHER<\/b><u><\/u><u><\/u><\/p>\n<p><b>Quinta-feira, 26 de novembro, das 13 \u00e0s 17 horas<\/b><u><\/u><u><\/u><\/p>\n<p><b>No audit\u00f3rio da Secretaria da Mulher<\/b><u><\/u><u><\/u><\/p>\n<p><b>Informa\u00e7\u00f5es: 4706-4046<\/b><u><\/u><u><\/u><\/p>\n<p><b>E- mail: <\/b><b><a href=\"mailto:secmulher.eviolencia@barueri.sp.gov.br\" target=\"_blank\">secmulher.eviolencia@barueri.<wbr \/>sp.gov.br<\/a><\/b><\/p>\n","protected":false},"excerpt":{"rendered":"<p>O objetivo do f\u00f3rum \u00e9 sensibilizar os participantes na tem\u00e1tica central \u201cDireitos Humanos, Conquistas e Avan\u00e7os no Combate a Viol\u00eancia contra a Mulher\u201d e promover uma reflex\u00e3o sobre o assunto [&hellip;]<\/p>\n","protected":false},"author":1,"featured_media":760,"template":"","meta":{"_tribe_events_status":"","_tribe_events_status_reason":"","footnotes":""},"tags":[],"tribe_events_cat":[6737,6741,6752,6755],"class_list":["post-759","tribe_events","type-tribe_events","status-publish","has-post-thumbnail","hentry","tribe_events_cat-conferencias","tribe_events_cat-evento-gratuito","tribe_events_cat-palestras","tribe_events_cat-seminarios-e-congressos","cat_conferencias","cat_evento-gratuito","cat_palestras","cat_seminarios-e-congressos"],"_links":{"self":[{"href":"https:\/\/baruerieventos.com.br\/site\/wp-json\/wp\/v2\/tribe_events\/759","targetHints":{"allow":["GET"]}}],"collection":[{"href":"https:\/\/baruerieventos.com.br\/site\/wp-json\/wp\/v2\/tribe_events"}],"about":[{"href":"https:\/\/baruerieventos.com.br\/site\/wp-json\/wp\/v2\/types\/tribe_events"}],"author":[{"embeddable":true,"href":"https:\/\/baruerieventos.com.br\/site\/wp-json\/wp\/v2\/users\/1"}],"version-history":[{"count":0,"href":"https:\/\/baruerieventos.com.br\/site\/wp-json\/wp\/v2\/tribe_events\/759\/revisions"}],"wp:featuredmedia":[{"embeddable":true,"href":"https:\/\/baruerieventos.com.br\/site\/wp-json\/"}],"wp:attachment":[{"href":"https:\/\/baruerieventos.com.br\/site\/wp-json\/wp\/v2\/media?parent=759"}],"wp:term":[{"taxonomy":"post_tag","embeddable":true,"href":"https:\/\/baruerieventos.com.br\/site\/wp-json\/wp\/v2\/tags?post=759"},{"taxonomy":"tribe_events_cat","embeddable":true,"href":"https:\/\/baruerieventos.com.br\/site\/wp-json\/wp\/v2\/tribe_events_cat?post=759"}],"curies":[{"name":"wp","href":"https:\/\/api.w.org\/{rel}","templated":true}]}}

II Fórum sobre à enfrentamento Violência contra a Mulher

<p>O objetivo do fórum é sensibilizar os participantes na temática central “Direitos Humanos, Conquistas e Avanços no Combate a Violência contra a Mulher” e promover uma reflexão sobre o assunto e a corresponsabilidade do Estado, da esfera privada e da sociedade civil.<u></u><u></u></p>
<p><u></u> Nesta edição, o fórum visa garantir a aplicabilidade da Lei Maria da Penha, com atendimento acolhedor, respeitoso e humanizado às mulheres vítimas de violência, fortalecendo a implementação do pacto nacional relacionado ao assunto.<u></u><u></u></p>
<p><u></u> Participam como palestrantes a delegada da Mulher de Barueri, Roberta Franco Aidar; Dalila Eugênia M. Dias Figueiredo, fundadora da Associação Brasileira de Defesa da Mulher, Infância e da Juventude (Asbrad); Ana Lúcia Keunecke, fundadora e diretora jurídica da Associação Artemis; e Kátia Boulos, presidente da Comissão da Mulher Advogada da OAB/SP.<u></u><u></u></p>
<p><u></u> O evento será aberto para perguntas e dúvidas.Acesse o link, preencha o formulário e faça sua inscrição. <a href="http://goo.gl/forms/E4awuzC7Lz" target="_blank" rel="nofollow nofollow">http://goo.gl/forms/<wbr />E4awuzC7Lz</a><u></u><u></u></p>
<p><u></u> <b>II FÓRUM DE ENFRENTAMENTO À VIOLÊNCIA CONTRA MULHER</b><u></u><u></u></p>
<p><b>Quinta-feira, 26 de novembro, das 13 às 17 horas</b><u></u><u></u></p>
<p><b>No auditório da Secretaria da Mulher</b><u></u><u></u></p>
<p><b>Informações: 4706-4046</b><u></u><u></u></p>
<p><b>E- mail: </b><b><a href="mailto:secmulher.eviolencia@barueri.sp.gov.br" target="_blank">secmulher.eviolencia@barueri.<wbr />sp.gov.br</a></b></p>

<p>O objetivo do fórum é sensibilizar os participantes na temática central “Direitos Humanos, Conquistas e Avanços no Combate a Violência contra a Mulher” e promover uma reflexão sobre o assunto [&hellip;]</p>
