{"id":761,"date":"2015-11-19T18:57:47","date_gmt":"2015-11-19T21:57:47","guid":{"rendered":"http:\/\/baruerieventos.com.br\/site\/?post_type=tribe_events&amp;p=761"},"modified":"2015-11-19T18:57:47","modified_gmt":"2015-11-19T21:57:47","slug":"ecocinema-em-barueri","status":"publish","type":"tribe_events","link":"https:\/\/baruerieventos.com.br\/site\/event\/ecocinema-em-barueri\/","title":{"rendered":"EcoCinema em Barueri"},"content":{"rendered":"<p>Pela primeira vez a cidade de Barueri vai receber o EcoCinema, com atividades gratuitas. As oficinas livres e educativas, com\u00a0enfoque no meio ambiente\u00a0ter\u00e3o\u00a0exibi\u00e7\u00e3o de curtas de conte\u00fado ambiental, oficina de demonstra\u00e7\u00e3o do ve\u00edculo de Ecocinema, movido \u00e0 energia solar e com tela gigante infl\u00e1vel, que estar\u00e1 em exposi\u00e7\u00e3o junto com um t\u00e9cnico da equipe para informar sobre seu funcionamento e realizar uma demonstra\u00e7\u00e3o do uso dom\u00e9stico dos sistemas de energia solar.<\/p>\n<p>Domingo,\u00a0dia 22, \u00e0s 20 horas, no Parque Municipal Dom Jos\u00e9, ser\u00e1 realizada a proje\u00e7\u00e3o do filme brasileiro \u201cColegas\u201d dirigido e roteirizado por Marcelo Galv\u00e3o. O longa, uma divertida aventura que trata de forma po\u00e9tica coisas simples da vida foi escolhido, em conjunto, pelos realizadores e a empresa Perdig\u00e3o, patrocinadora exclusiva do evento.<\/p>\n<p>Na segunda-feira, dia 23, as atividades seguem com as oficinas educativas \u00e0s 9h30 e outras \u00e0s 14h30 na\u00a0 Emef Rita de Jesus (Parque Imperial).<\/p>\n<p>O Ecocinema chega pelas m\u00e3os dos uruguaios Gonzalo Lamela e Federico Lemos, da Medio&amp;Mediio Films, que criaram a marca e o conceito na Am\u00e9rica Latina, e no Brasil parceria com a Fato Comunica\u00e7\u00e3o Integrada.<\/p>\n<p>O Governo de\u00a0S\u00e3o Paulo, atrav\u00e9s do\u00a0Proac\u00a0e Minist\u00e9rio da Cultura, integram o grupo de organizadores locais.<\/p>\n<p><strong>Sobre o Ecocinema<\/strong><\/p>\n<p>O EcoCinema Brasil tem como diferencial a f\u00e1cil instala\u00e7\u00e3o com tela infl\u00e1vel gigante e utiliza\u00e7\u00e3o de energias renov\u00e1veis para seu funcionamento, \u00e9 gratuito, ao ar livre\u00a0e inclui oficinas que visam gerar consci\u00eancia em toda a popula\u00e7\u00e3o sobre a import\u00e2ncia no cuidado do meio ambiente e a difus\u00e3o da Energia Sustent\u00e1vel.<\/p>\n<p>Tamb\u00e9m se apresenta como ve\u00edculo publicit\u00e1rio podendo apresentar conte\u00fados institucionais de interesse p\u00fablico. No Brasil a estreia nacional ocorreu no Rio Grande do Sul, em Gramado, durante o 19\u00ba Festival Mundial de Publicidade de Gramado em 2013.<\/p>\n","protected":false},"excerpt":{"rendered":"<p>Pela primeira vez a cidade de Barueri vai receber o EcoCinema, com atividades gratuitas. As oficinas livres e educativas, com\u00a0enfoque no meio ambiente\u00a0ter\u00e3o\u00a0exibi\u00e7\u00e3o de curtas de conte\u00fado ambiental, oficina de [&hellip;]<\/p>\n","protected":false},"author":2,"featured_media":762,"template":"","meta":{"_tribe_events_status":"","_tribe_events_status_reason":"","footnotes":""},"tags":[],"tribe_events_cat":[6729,6734,6738,6741],"class_list":["post-761","tribe_events","type-tribe_events","status-publish","has-post-thumbnail","hentry","tribe_events_cat-arte","tribe_events_cat-cinema","tribe_events_cat-culturais","tribe_events_cat-evento-gratuito","cat_arte","cat_cinema","cat_culturais","cat_evento-gratuito"],"_links":{"self":[{"href":"https:\/\/baruerieventos.com.br\/site\/wp-json\/wp\/v2\/tribe_events\/761","targetHints":{"allow":["GET"]}}],"collection":[{"href":"https:\/\/baruerieventos.com.br\/site\/wp-json\/wp\/v2\/tribe_events"}],"about":[{"href":"https:\/\/baruerieventos.com.br\/site\/wp-json\/wp\/v2\/types\/tribe_events"}],"author":[{"embeddable":true,"href":"https:\/\/baruerieventos.com.br\/site\/wp-json\/wp\/v2\/users\/2"}],"version-history":[{"count":0,"href":"https:\/\/baruerieventos.com.br\/site\/wp-json\/wp\/v2\/tribe_events\/761\/revisions"}],"wp:featuredmedia":[{"embeddable":true,"href":"https:\/\/baruerieventos.com.br\/site\/wp-json\/"}],"wp:attachment":[{"href":"https:\/\/baruerieventos.com.br\/site\/wp-json\/wp\/v2\/media?parent=761"}],"wp:term":[{"taxonomy":"post_tag","embeddable":true,"href":"https:\/\/baruerieventos.com.br\/site\/wp-json\/wp\/v2\/tags?post=761"},{"taxonomy":"tribe_events_cat","embeddable":true,"href":"https:\/\/baruerieventos.com.br\/site\/wp-json\/wp\/v2\/tribe_events_cat?post=761"}],"curies":[{"name":"wp","href":"https:\/\/api.w.org\/{rel}","templated":true}]}}

<p>Pela primeira vez a cidade de Barueri vai receber o EcoCinema, com atividades gratuitas. As oficinas livres e educativas, com enfoque no meio ambiente terão exibição de curtas de conteúdo ambiental, oficina de demonstração do veículo de Ecocinema, movido à energia solar e com tela gigante inflável, que estará em exposição junto com um técnico da equipe para informar sobre seu funcionamento e realizar uma demonstração do uso doméstico dos sistemas de energia solar.</p>
<p>Domingo, dia 22, às 20 horas, no Parque Municipal Dom José, será realizada a projeção do filme brasileiro “Colegas” dirigido e roteirizado por Marcelo Galvão. O longa, uma divertida aventura que trata de forma poética coisas simples da vida foi escolhido, em conjunto, pelos realizadores e a empresa Perdigão, patrocinadora exclusiva do evento.</p>
<p>Na segunda-feira, dia 23, as atividades seguem com as oficinas educativas às 9h30 e outras às 14h30 na  Emef Rita de Jesus (Parque Imperial).</p>
<p>O Ecocinema chega pelas mãos dos uruguaios Gonzalo Lamela e Federico Lemos, da Medio&amp;Mediio Films, que criaram a marca e o conceito na América Latina, e no Brasil parceria com a Fato Comunicação Integrada.</p>
<p>O Governo de São Paulo, através do Proac e Ministério da Cultura, integram o grupo de organizadores locais.</p>
<p><strong>Sobre o Ecocinema</strong></p>
<p>O EcoCinema Brasil tem como diferencial a fácil instalação com tela inflável gigante e utilização de energias renováveis para seu funcionamento, é gratuito, ao ar livre e inclui oficinas que visam gerar consciência em toda a população sobre a importância no cuidado do meio ambiente e a difusão da Energia Sustentável.</p>
<p>Também se apresenta como veículo publicitário podendo apresentar conteúdos institucionais de interesse público. No Brasil a estreia nacional ocorreu no Rio Grande do Sul, em Gramado, durante o 19º Festival Mundial de Publicidade de Gramado em 2013.</p>

<p>Pela primeira vez a cidade de Barueri vai receber o EcoCinema, com atividades gratuitas. As oficinas livres e educativas, com enfoque no meio ambiente terão exibição de curtas de conteúdo ambiental, oficina de [&hellip;]</p>
