{"id":798,"date":"2015-12-05T23:09:35","date_gmt":"2015-12-06T02:09:35","guid":{"rendered":"http:\/\/baruerieventos.com.br\/site\/?post_type=tribe_events&amp;p=798"},"modified":"2015-12-05T23:09:35","modified_gmt":"2015-12-06T02:09:35","slug":"exposicao-preto-branco-e-colorido-2","status":"publish","type":"tribe_events","link":"https:\/\/baruerieventos.com.br\/site\/event\/exposicao-preto-branco-e-colorido-2\/","title":{"rendered":"Exposi\u00e7\u00e3o &#8220;Preto, Branco e Colorido&#8221;"},"content":{"rendered":"<p>A exposi\u00e7\u00e3o &#8220;Preto, Branco e Colorido&#8221;, que traz produ\u00e7\u00f5es e instala\u00e7\u00f5es dos alunos e professores das Oficinas Culturais de Artes Visuais, continua em cartaz na Galeria de Artes do Teatro Municipal de Barueri.\u00a0 Vale a pena passar pelo local e conferir o desempenho dos alunos e animar-se para participar das Oficinas Culturais.<\/p>\n<p><strong>A mostra pode ser visitada de ter\u00e7a a s\u00e1bado, das 9h \u00e0s 18h.<\/strong><\/p>\n<p><strong> A entrada \u00e9 gratuita.<\/strong><\/p>\n","protected":false},"excerpt":{"rendered":"<p>A exposi\u00e7\u00e3o &#8220;Preto, Branco e Colorido&#8221;, que traz produ\u00e7\u00f5es e instala\u00e7\u00f5es dos alunos e professores das Oficinas Culturais de Artes Visuais, continua em cartaz na Galeria de Artes do Teatro [&hellip;]<\/p>\n","protected":false},"author":1,"featured_media":799,"template":"","meta":{"_tribe_events_status":"","_tribe_events_status_reason":"","footnotes":""},"tags":[1083,2600,2608,5214],"tribe_events_cat":[6729,6738,6742],"class_list":["post-798","tribe_events","type-tribe_events","status-publish","has-post-thumbnail","hentry","tag-branco-e-colorido","tag-exposicao-em-barueri","tag-exposicao-preto-e-branco-e-colorido","tag-preto","tribe_events_cat-arte","tribe_events_cat-culturais","tribe_events_cat-feiras-e-exposicoes","cat_arte","cat_culturais","cat_feiras-e-exposicoes"],"_links":{"self":[{"href":"https:\/\/baruerieventos.com.br\/site\/wp-json\/wp\/v2\/tribe_events\/798","targetHints":{"allow":["GET"]}}],"collection":[{"href":"https:\/\/baruerieventos.com.br\/site\/wp-json\/wp\/v2\/tribe_events"}],"about":[{"href":"https:\/\/baruerieventos.com.br\/site\/wp-json\/wp\/v2\/types\/tribe_events"}],"author":[{"embeddable":true,"href":"https:\/\/baruerieventos.com.br\/site\/wp-json\/wp\/v2\/users\/1"}],"version-history":[{"count":0,"href":"https:\/\/baruerieventos.com.br\/site\/wp-json\/wp\/v2\/tribe_events\/798\/revisions"}],"wp:featuredmedia":[{"embeddable":true,"href":"https:\/\/baruerieventos.com.br\/site\/wp-json\/"}],"wp:attachment":[{"href":"https:\/\/baruerieventos.com.br\/site\/wp-json\/wp\/v2\/media?parent=798"}],"wp:term":[{"taxonomy":"post_tag","embeddable":true,"href":"https:\/\/baruerieventos.com.br\/site\/wp-json\/wp\/v2\/tags?post=798"},{"taxonomy":"tribe_events_cat","embeddable":true,"href":"https:\/\/baruerieventos.com.br\/site\/wp-json\/wp\/v2\/tribe_events_cat?post=798"}],"curies":[{"name":"wp","href":"https:\/\/api.w.org\/{rel}","templated":true}]}}

Exposição &#8220;Preto, Branco e Colorido&#8221;

<p>A exposição &#8220;Preto, Branco e Colorido&#8221;, que traz produções e instalações dos alunos e professores das Oficinas Culturais de Artes Visuais, continua em cartaz na Galeria de Artes do Teatro Municipal de Barueri.  Vale a pena passar pelo local e conferir o desempenho dos alunos e animar-se para participar das Oficinas Culturais.</p>
<p><strong>A mostra pode ser visitada de terça a sábado, das 9h às 18h.</strong></p>
<p><strong> A entrada é gratuita.</strong></p>

<p>A exposição &#8220;Preto, Branco e Colorido&#8221;, que traz produções e instalações dos alunos e professores das Oficinas Culturais de Artes Visuais, continua em cartaz na Galeria de Artes do Teatro [&hellip;]</p>
